 Give l(-3).
-16
Let s(u) = 2*u - 8. What is s(-9)?
-26
Let s(a) = 112*a**2 + 2*a - 1. Give s(1).
113
Let d(h) = 2*h + 4. Determine d(4).
12
Let r(q) = -2*q**2 + 8*q - 4. Determine r(5).
-14
Let q(n) = 6*n + 14. Give q(-4).
-10
Let r(p) = -p**3 + 7*p**2 - 7*p + 3. What is r(2)?
9
Let i(o) = 6*o + 6. What is i(-6)?
-30
Let q(a) = -a**2 + 10*a - 16. Give q(8).
0
Let w(r) = r**2 + 13. Give w(0).
13
Let f(y) = -3*y + 16. Give f(5).
1
Let f(l) = -l**2 + 6*l - 5. Calculate f(2).
3
Let r(g) = 18*g**3 + g**2 + 3*g + 1. What is r(-1)?
-19
Let k(s) = -s**2 - 7*s - 4. What is k(-6)?
2
Let h(g) = 8*g + 123. Calculate h(-15).
3
Let y(u) = -u**3 - 2*u**2 + u - 1. Give y(-2).
-3
Let t(s) = -s**3 + 10*s**2 - 6*s - 1. Determine t(9).
26
Let l(c) = c**3 + 2*c**2 + 4*c + 3. What is l(-1)?
0
Let p(q) = q**2 - 7*q + 3. Calculate p(3).
-9
Let r(s) = -8*s - 8. Give r(0).
-8
Let o(d) = -d**3 + 9*d**2 - 34. What is o(9)?
-34
Let g(p) = p**2 - 5*p - 10. Determine g(9).
26
Let x(b) = -4*b - 164. What is x(-39)?
-8
Let d(s) = s**2 + 2*s - 51. Give d(7).
12
Let p(r) = 6*r**2 - 271*r + 46. Determine p(45).
1
Let t(v) = v**2 - 20*v + 2. Calculate t(23).
71
Let s(l) = 15*l - 9. Give s(7).
96
Let u(z) = 5*z - 64. What is u(13)?
1
Let i(v) = -17*v - 221. Give i(-13).
0
Let m(g) = g**3 + g**2 - 2*g - 2. Determine m(-3).
-14
Let g(w) = -w**3 + 10*w**2 + 11*w + 6. Give g(11).
6
Let h(t) = t**2 - 9*t + 2. What is h(6)?
-16
Let i(b) = -26*b - 124. Determine i(-5).
6
Let m(t) = -t**2 + 28*t - 8. Calculate m(24).
88
Let i(k) = 2*k**2 + 33*k + 150. What is i(-9)?
15
Let w(u) = 3*u - 26. Determine w(8).
-2
Let v(w) = w + 27. Calculate v(-16).
11
Let s(r) = -3*r - 65. Give s(0).
-65
Let b(u) = u**2 + 11*u - 17. Give b(-9).
-35
Let f(k) = k**2 - 33*k + 56. What is f(31)?
-6
Let y(z) = -z**3 - 7*z**2 - 7*z - 9. What is y(-6)?
-3
Let g(i) = i**3 + i**2 - 8*i + 3. Calculate g(-3).
9
Let h(i) = 2*i**2 + 15*i - 4. Give h(-9).
23
Let p(i) = 2*i**2 + 5*i + 6. Give p(-2).
4
Let q(o) = -3*o**2 - 5*o + 17. Calculate q(-6).
-61
Let o(f) = 29*f + 955. Calculate o(-33).
-2
Let l(n) = -n. Give l(6).
-6
Let f(d) = d**3 - 4*d**2 - 9*d + 8. What is f(7)?
92
Let q(y) = -y**2 - 7*y + 18. Calculate q(-13).
-60
Let p(n) = -45*n - 670. What is p(-15)?
5
Let t(l) = -l**2 - 5*l + 63. Calculate t(-11).
-3
Let g(m) = 2*m**2 + 34*m + 36. Give g(-16).
4
Let o(i) = i + 29. What is o(-15)?
14
Let i(q) = 4*q - 36. Determine i(5).
-16
Let q(g) = g**3 - 5*g**2 + 42*g - 210. What is q(5)?
0
Let w(c) = -c**2 + 5*c + 12. Give w(6).
6
Let s(i) = i**3 - 6*i**2 - i + 2. Calculate s(6).
-4
Let k(l) = -4*l**2 - 4. Give k(-1).
-8
Let m(s) = s**2 + 21*s - 16. Determine m(-22).
6
Let u(s) = s**2 - 4*s - 7. Determine u(6).
5
Let s(j) = -j**3 - 6*j**2 + 11*j + 10. Calculate s(-7).
-18
Let m(q) = -3*q**2 - 4*q + 7. Give m(-4).
-25
Let b(n) = -n + 3. Determine b(-8).
11
Let h(b) = 2*b**2 + 20*b - 8. Give h(-10).
-8
Let t(v) = -v**3 - 47*v**2 + 94*v - 203. Determine t(-49).
-7
Let n(d) = 9*d + 375. Calculate n(-40).
15
Let z(q) = q**2 - 2*q + 3. Determine z(3).
6
Let j(b) = 54*b + 7. Determine j(1).
61
Let g(l) = -l**3 + 6*l**2 - 12*l - 3. Calculate g(4).
-19
Let u(s) = s**3 - 7*s**2 - 17*s - 36. Calculate u(9).
-27
Let r(z) = -z**3 - 34*z**2 - 65*z + 8. What is r(-32)?
40
Let h(g) = -13*g**2 + 3*g - 5. Determine h(2).
-51
Let a(x) = -5*x**2 - 5*x + 5. Calculate a(2).
-25
Let w(u) = 2*u**2 + 8*u + 6. What is w(-5)?
16
Let r(j) = 2*j**3 - 6*j**2 + 4*j - 13. Calculate r(2).
-13
Let l(y) = -2*y**3 + 32*y**2 - y + 11. Calculate l(16).
-5
Let m(h) = h**3 - h**2 + h - 4. Give m(-3).
-43
Let x(f) = f**2 - 5*f - 17. Determine x(10).
33
Let d(x) = -55*x**2 + 1. Determine d(1).
-54
Let z(m) = m**2 + 3*m - 1. What is z(4)?
27
Let k(d) = d**3 + 5*d**2 - 5*d - 9. Calculate k(-6).
-15
Let c(a) = -6*a**2 + 133*a - 23. Calculate c(22).
-1
Let m(u) = -u**2 - 5*u + 25. Calculate m(4).
-11
Let h(o) = o**3 + 7*o**2 - 2*o - 3. Calculate h(-7).
11
Let k(i) = 2*i**2 - 8*i - 14. What is k(5)?
-4
Let o(r) = r**2 - 15*r. Give o(15).
0
Let i(y) = 8*y**3 + 3*y**2 + 3*y. Calculate i(-2).
-58
Let f(j) = 14*j - 12. Determine f(-6).
-96
Let k(q) = -131*q**2 + 2*q - 3. Calculate k(1).
-132
Let i(w) = -w - 6. Calculate i(-21).
15
Let l(f) = -8*f. Give l(5).
-40
Let o(y) = 32*y - 162. Give o(5).
-2
Let p(d) = -81*d - 1. Calculate p(1).
-82
Let z(l) = -3*l**2 + l + 3. Determine z(4).
-41
Let f(s) = 4*s**2 + 4*s + 4. Calculate f(-2).
12
Let s(q) = 63*q - 193. Give s(3).
-4
Let d(s) = 6*s**2 + s + 15. Give d(-6).
225
Let x(l) = -l**3 - 6*l**2 + 6*l - 1. Determine x(-5).
-56
Let a(d) = d - 12. Give a(6).
-6
Let j(a) = -a**3 - 7*a**2 - 8*a - 15. What is j(-5)?
-25
Let m(n) = 6*n**2 + 22*n + 1. What is m(-3)?
-11
Let j(i) = 3*i**3 + 6*i**2 - 4*i + 10. Give j(-5).
-195
Let d(o) = o - 2. Calculate d(3).
1
Let f(z) = -4*z**2 - 44*z - 120. Give f(-5).
0
Let n(d) = -d**2 - 9*d - 1. Give n(-11).
-23
Let a(m) = m**3 - 5*m**2 - 2*m - 6. Determine a(5).
-16
Let x(z) = -2*z**2 + 6*z - 55. Give x(9).
-163
Let l(w) = -w + 46. What is l(11)?
35
Let y(w) = w**2 - w - 2. Determine y(-3).
10
Let f(i) = i**2 - 9*i + 37. Calculate f(5).
17
Let o(x) = x**2 - 4*x - 11. Give o(5).
-6
Let q(f) = 4*f + 32. Give q(-8).
0
Let f(h) = -h**3 - 4*h**2 - 5*h - 4. Determine f(-4).
16
Let f(c) = -2*c - 4. Give f(-7).
10
Let y(n) = 3*n + 6. Determine y(8).
30
Let s(v) = 4*v - 10. Determine s(4).
6
Let o(t) = -t + 25. Calculate o(0).
25
Let w(h) = h**2 - 19*h - 18. Calculate w(19).
-18
Let k(f) = -3*f**2 - f. Determine k(-2).
-10
Let g(p) = -22*p + 92. Calculate g(5).
-18
Let t(a) = 25*a + 238. Give t(-10).
-12
Let a(d) = -4*d - 4. What is a(-13)?
48
Let n(q) = -2*q**2 + 27*q + 8. Determine n(14).
-6
Let t(i) = i**3 + 9*i**2 - i - 12. What is t(-6)?
102
Let b(l) = l**3 - 16*l**2 - l + 3. Give b(16).
-13
Let h(b) = -b**3 - 12*b**2 - 6*b - 1. What is h(-11)?
-56
Let p(r) = r**3 + 3*r**2 - r + 2. Give p(-3).
5
Let h(p) = -10*p**3 - p**2 + 3*p - 3. Give h(2).
-81
Let w(t) = -t**2 + 2*t + 397. Determine w(20).
37
Let q(a) = -7*a**2 + a + 10. Give q(-3).
-56
Let z(u) = -u**3 - 4*u**2 + 60*u - 3. Give z(6).
-3
Let o(p) = -10*p**3 - 2*p**2 + p - 1. What is o(1)?
-12
Let i(r) = -r**3 - 8*r**2 - 5*r + 13. Give i(-7).
-1
Let q(i) = i**3 - 20*i**2 - 20*i - 9. What is q(21)?
12
Let i(r) = 3*r + 20. What is i(-9)?
-7
Let p(n) = -2*n**2 - 5*n - 7. Give p(-2).
-5
Let d(c) = -c**2 - 6*c + 4. What is d(-5)?
9
Let n(x) = x**3 - x + 1. Calculate n(2).
7
Let h(l) = -l**2 + l + 6. What is h(3)?
0
Let r(h) = h**3 - 13*h**2 + 29*h + 17. What is r(11)?
94
Let z(i) = 5*i - 162. Calculate z(30).
-12
Let b(f) = -14*f - 7. Give b(6).
-91
Let u(p) = -p - 8. Give u(-5).
-3
Let m(o) = 5*o + 2. What is m(-4)?
-18
Let h(b) = 2*b**3 - 4*b**2 - 2*b - 2. Determine h(3).
10
Let q(t) = -t**2 - 8*t - 11. Determine q(-2).
1
Let m(o) = -25*o**2 - o. Determine m(-1).
-24
Let o(j) = j**3 - j**2 + 12*j + 3. Determine o(0).
3
Let c(z) = z**2 - 8*z - 56. Calculate c(12).
-8
Let n(q) = -q**2 + 8*q - 20. Determine n(4).
-4
Let z(l) = -2*l**2 - 26*l + 23. Determine z(-14).
-5
Let l(d) = d**2 - 4. Calculate l(-4).
12
Let u(m) = m**3 - m**2 + 2*m + 3. What is u(-3)?
-39
Let z(h) = h**3 - 21*h**2 + 39*h - 19. Determine z(19).
0
Let h(c) = 2*c**3 - 3*c**2 + 7*c - 10. Determine h(3).
38
Let r(q) = 2*q**2 - 2*q. What is r(2)?
4
Let l(y) = -17*y - 5. Calculate l(-4).
63
Let l(d) = -3*d**3 + 15*d - 14. Calculate l(1).
-2
Let b(d) = d**3 + 20*d**2 + 7*d + 146. Determine b(-20).
6
Let f(z) = z**2 - 8*z - 3. What is f(9)?
6
Let h(a) = 2*a**3 + 3*a**2 + a - 7. What is h(2)?
23
Let j(o) = 2*o + 20. Calculate j(-13).
-6
Let w(p) = 2*p**2 + 19*p + 48. Give w(-7).
13
Let l(m) = 2*m**2 + 41*m - 26. Determine l(-21).
-5
Let y(j) = -2*j + 19. Calculate y(9).
1
Let o(s) = 2*s**3 - 11*s**2 + 7*s - 1. What is o(5)?
9
Let q(x) = x**3 - 7*x**2 + 9*x - 5. Calculate q(6).
13
Let h(c) = c**2 + 10*c - 10. Determine h(6).
86
Let i(v) = -v**3 + 2*v**2 + 3*v + 8. What is i(4)?
-12
Let a(v) = -2*v**2 - v + 3. Determine a(0).
3
Let x(i) = -i**2 + 132. Calculate x(12).
-12
Let w(k) = -5*k + 25. What is w(21)?
-80
Let w(k) = 3*k**2 + 8*k - 7. What is w(-7)?
84
Let u(c) = -c**3 + 14*c**2 - 23*c - 13. Calculate u(12).
-1
Let i(c) = c**2 + 11*c - 30. Give i(7).
96
Let s(k) = -k - 15. What i